*r + 9. Let m be d(-4). Suppose -3*b - 73 = -m*g + 49, 4*b + 38 = g. What is the remainder when 41 is divided by g?
19
Let w be 0 + -4 + (-672)/(-14). Suppose -4*d = 3*m - 36, 2*m + 3*m - 34 = 2*d. Suppose w = m*t - 4*t. Calculate the remainder when 16 is divided by t.
5
Suppose 0 = -j - 3, -5*j + 1 = 2*z - 124. Suppose 45*n = 52*n - z. What is the remainder when n is divided by 4?
2
Suppose 3*p + w = 111, -96 = -19*p + 16*p + 4*w. What is the remainder when 9357 is divided by p?
33
Suppose l + l - 8 = 0, 3*d = 3*l + 9. Let u(r) = 10*r**3 - 40 + 12*r - 13*r**2 + 32 - 11*r**3. Calculate the remainder when u(-14) is divided by d.
6
Let b(h) = -43*h + 99. Let z be b(-12). Suppose 0 = 9*g + 6*g - z. What is the remainder when 135 is divided by g?
12
Let q = 14617 + -14602. Calculate the remainder when 72 is divided by q.
12
Let w(p) = -p**3 + 25*p**2 - 50*p + 101. Let u be w(23). Let d(v) = 18*v - 82. What is the remainder when d(u) is divided by 41?
39
Suppose 519 = 4*r - 77. Suppose 10*t = -14 + 84. What is the remainder when r is divided by (-1 - -46)/(t - 22/4)?
29
Suppose -10894 + 2865 = -217*g. What is the remainder when g is divided by 26?
11
Suppose 2*l + 324 = 4*u - 2*l, -l - 167 = -2*u. Calculate the remainder when 244 is divided by u.
72
Suppose -4*d + 4 = -8*z, -3*z + 59 = 4*d - 0*z. Suppose -4*a = 3*p - 0*a - 52, p = 2*a + 34. Suppose p = i + d. Calculate the remainder when 77 is divided by i.
12
Let b(q) = -q**3 + 3*q**2 + 5*q - 6. Let k be b(6). Let u(d) = 3*d - 48. Let o be u(-4). Let s = o - k. Calculate the remainder when s is divided by 9.
6
Let j = 226 - 221. Calculate the remainder when 45 is divided by j*(0 - 1) + 15.
5
Suppose -354 + 408 = 9*t. Calculate the remainder when 15 is divided by t.
3
Let n(p) = -p**2 - 17*p - 11. Let w be n(-16). Suppose w*t - 60 = 4*u + u, 3*u - 6 = 0. Let x = 70 - 62. Calculate the remainder when t is divided by x.
6
Let b(a) = -a + 2. Let k be b(-1). Suppose -2*m - 3*m - y = -110, -k*y + 88 = 4*m. Let t = 65 - m. Calculate the remainder when t is divided by 12.
7
Let w(s) = -s**3 - 5*s**2 - 4*s - 71. Let g be w(-6). Let d = 28 + -12. Calculate the remainder when ((-3)/(-3))/(g/(-11)) - -44 is divided by d.
13
Suppose -445 = -5*h - 425, -48 = -2*p - 2*h. What is the remainder when 379 is divided by p?
19
Suppose -1949*v + 1952*v = 201. What is the remainder when 597 is divided by v?
61
Let p(k) = 13*k**2 - 237*k + 688. Calculate the remainder when 11091 is divided by p(3).
93
Let x(k) = 33*k - 171. Let a be x(11). Let t = 195 - a. What is the remainder when 12 is divided by t?
0
Let x(m) = -m**2 - 60*m - 56. Let p be x(-49). Suppose -p = -6*k - 225. What is the remainder when k is divided by 18?
7
Let g(x) = -x + 8. Suppose 5*t = 4*l + 52, 0 = -4*t - 4*l + 10 + 10. What is the remainder when g(-13) is divided by t?
5
Let x = -73 + 368. Let t = -245 + x. Calculate the remainder when t is divided by 13.
11
Let a(k) = -k**2 + 6*k + 31. Let j(h) = -h**3 + 6*h**2 - 2*h + 2. Let q = -22 + 25. What is the remainder when j(q) is divided by a(9)?
3
Let u = 60 + -54. Suppose -3*a + 3 + 6 = 0. Suppose a*s - 55 - 14 = 0. What is the remainder when s is divided by u?
5
Let a = -12011 - -12060. Calculate the remainder when 4212 is divided by a.
47
Suppose -28*j - 38*j = -2442. What is the remainder when (-4)/((-4)/15)*27 is divided by j?
35
Suppose 0*p - 5*p + 60 = 0. Suppose -p = 49*r - 53*r. What is the remainder when 3/15 + (r - 1558/(-10)) is divided by 16?
15
Let a(v) be the third derivative of -v**5/20 - 25*v**4/12 + 5*v**3/3 - 29*v**2. Suppose 79 = 4*s + 19. Calculate the remainder when a(-16) is divided by s.
12
Let j = -3006 + 3289. Calculate the remainder when 1133 is divided by j.
1
Suppose 2*q = 1 + 7. Let s be 70 - (q + -1 + 1). What is the remainder when 18 is divided by s/14 - (-6)/21?
3
Let z = -629 + 631. What is the remainder when 86 is divided by (z - (-4)/(-14))/((-1)/(-14))?
14
Suppose 130 = 2*y - p - 313, -2*y + 3*p + 461 = 0. Calculate the remainder when 30594 is divided by y.
214
Let s(r) = r**3 + 7*r**2 + 9*r + 10. Let o be 7/(-7) + (1 - -4). What is the remainder when s(-5) is divided by 4 + o*(-4)/8?
1
Let g(v) = 928*v - 4376. Calculate the remainder when 1036 is divided by g(5).
244
Suppose 20*b = -75 - 1 + 1356. What is the remainder when 2748 is divided by b?
60
Let t = 14959 + -14534. What is the remainder when t is divided by 81?
20
Suppose -85 = -3*n + 44. Let w(o) = -18*o + 254. Let s be w(14). Suppose s*r - n = -23. Calculate the remainder when 57 is divided by r.
7
Let s(o) = -16*o - 24. Let w = 31 - 33. Let i(p) = -5*p - 8. Let r(a) = w*s(a) + 7*i(a). Calculate the remainder when r(-8) is divided by 10.
6
Calculate the remainder when (-68 - -70)/(3/9 - (-1761)/(-5310)) is divided by 181.
94
Let w = 183 + -181. Suppose -3*b + 6*a = a - 44, -w*b + 41 = -a. Suppose 3 = -3*p + 27. What is the remainder when b is divided by p?
7
Suppose -8 = 6*n - 2. Calculate the remainder when 168 is divided by 4 + 29 + n/(2 + -3).
32
Suppose -940 = -5*q + 5*h, 0 = 3*q - 5*h + 2155 - 2707. Calculate the remainder when 694 is divided by q.
112
Suppose 39*v = -143*v + 14387 + 1629. What is the remainder when v is divided by 69?
19
Suppose 2*s + 3*f = 5755, -13*s + 9*s = -2*f - 11438. Calculate the remainder when s is divided by 205.
199
Calculate the remainder when 435 is divided by 218 + 632/(-948) + ((-5)/(-3))/1.
216
Suppose -2*a + 25*w - 30*w = -1310, -w - 1982 = -3*a. Calculate the remainder when a is divided by 5.
0
Suppose 2*c + 81 = 3*v, c + 1 = -2. Suppose -14*u = -17*u - 20*u. Suppose u = m - 15 - 31. Calculate the remainder when m is divided by v.
21
Suppose -2*w + 276 = 2*i - 830, 6*i = -4*w + 2224. Calculate the remainder when w is divided by 23.
18
Calculate the remainder when 7058 is divided by (750/(-45) + 17)/(7/273).
12
Let h = -41675 - -43296. What is the remainder when h is divided by 116?
113
Let f be 30/8 - (-49)/196. What is the remainder when 350 is divided by f + -8*(1 - 6)?
42
Suppose 973 = -43*z + 5149 + 1199. Calculate the remainder when z is divided by 29.
9
Let v be -6 - (-6 - (3 - 1)). What is the remainder when v*(232 - 2) - (4 - 8) is divided by 13?
9
Let x(k) = -216*k - 8257. What is the remainder when x(-44) is divided by 309?
11
Let v(r) = 84*r + 626. Calculate the remainder when 235 is divided by v(-7).
7
Suppose 3*n = -8*c + 254 + 410, -c - 5*n + 83 = 0. Suppose 3*o - 89 = -2*z, o - 6*o + 151 = 2*z. Calculate the remainder when c is divided by o.
21
Suppose 3625*z = 3635*z - 190. Let x(m) be the first derivative of 4*m**3/3 - m**2 + 3*m + 2. Calculate the remainder when x(-4) is divided by z.
18
Suppose 3*t + 13 - 49 = 0. Calculate the remainder when 154/(-13 + 23 + -9) is divided by t.
10
Let h(k) = -k + 35. What is the remainder when (-3429)/(-54) + 44/8 is divided by h(0)?
34
Let h(b) = 8*b - 8*b - 1 + b**2 - 1. Let m(n) = -n**3 + 9*n**2 + 29*n - 255. Calculate the remainder when m(9) is divided by h(-2).
0
Suppose 0 = k - 5*r - 28, -r = -0*r + 2. Let f = 5 - 0. Suppose 10 = f*w - 255. What is the remainder when w is divided by k?
17
Let r be (-108)/26 + 24/156 - 0. Calculate the remainder when ((-4480)/(-510) - r/(-34))*6 is divided by 14.
10
Let h be 10/(150/9)*-335. Let i = h + 211. What is the remainder when i is divided by 3?
1
Let q(b) = -b**3 + 9*b**2 + 7*b - 5. Let h be (-72)/48 - (-10)/(-8)*-2. Calculate the remainder when q(9) is divided by (1 + -1 + h)/(23/460).
18
Suppose 3*a - a = 5*r - 4, -3*a + r = 6. What is the remainder when 44 is divided by (-46)/230 + (-56)/(-5) + a?
8
Calculate the remainder when 897 is divided by (4 - 1)/((-8)/348*(-72)/16).
27
Let o(u) = 104*u**2 - 7 + 102*u**2 + u**3 + u - 203*u**2. Let i be o(6). Let s = -142 + i. What is the remainder when s is divided by 23?
20
Let s(q) = 20*q**2 + 3*q - 22. Let m be s(5). Suppose 2*l = j + m, -4*l + 996 = -15*j + 11*j. What is the remainder when l is divided by 13?
10
Suppose -5*g + 4*n + 185 = -2*g, -90 = -2*g - 4*n. What is the remainder when g is divided by (-3 - (-1 + -8))*(-252)/(-72)?
13
Suppose -1063 = -159*l + 1163. Suppose -4*z + 20 = 0, 3*q - z = q + 413. Calculate the remainder when q is divided by l.
13
Suppose 0 = 4*o + 120 - 1044. What is the remainder when 